 210201033?
210201011
In base 13, what is -4 + -39c85c?
-39c863
In base 6, what is -23242414 - -2?
-23242412
In base 6, what is 4 - -121253?
121301
In base 10, what is -7221 + -5?
-7226
In base 10, what is 3 + 457543?
457546
In base 2, what is 111110010011 + -111110?
111101010101
In base 13, what is -3 - -32503?
32500
In base 7, what is 431614 - 16?
431565
In base 12, what is 6 - ba54?
-ba4a
In base 11, what is -740 + 28?
-713
In base 7, what is 106 - -52035?
52144
In base 9, what is 2513285 - 4?
2513281
In base 2, what is -1101000110000010 + -10?
-1101000110000100
In base 11, what is -253a27 + 2?
-253a25
In base 15, what is -21ce0 - 4?
-21ce4
In base 12, what is -5 + 3671b?
36716
In base 16, what is 71e + 11?
72f
In base 9, what is 1 - 58582?
-58581
In base 5, what is -101112 + -34?
-101201
In base 3, what is 12 - 1122222?
-1122210
In base 5, what is -230014241 + 12?
-230014224
In base 16, what is 86ca9 - -2?
86cab
In base 11, what is 1885 - 2764?
-98a
In base 6, what is 233 - 14302?
-14025
In base 14, what is -20 - -221?
201
In base 14, what is -4b + -4d8?
-545
In base 9, what is 4 - -332742?
332746
In base 8, what is 5 - 46425?
-46420
In base 4, what is 12223232 + 12?
12223310
In base 12, what is 2 - -382a?
3830
In base 16, what is -6 - -cc6?
cc0
In base 15, what is -21 - a9?
-ca
In base 12, what is -4 - 1292?
-1296
In base 2, what is -11000100111 - 1001?
-11000110000
In base 6, what is -243 - 12344?
-13031
In base 14, what is 3cb - 38?
393
In base 2, what is 101000010000 - -10100101?
101010110101
In base 8, what is -101441 + 5?
-101434
In base 11, what is -4 - -480118?
480114
In base 11, what is -215 - -a?
-206
In base 3, what is 11 - 1220022011210?
-1220022011122
In base 16, what is 48 - -379?
3c1
In base 13, what is -1108a + 4?
-11086
In base 4, what is 2131 - -133232?
202023
In base 5, what is -243200 + -12?
-243212
In base 4, what is -11 + -313230000?
-313230011
In base 6, what is -1122445 + 31?
-1122414
In base 6, what is 42325000 - 11?
42324545
In base 5, what is 13 + -103200233?
-103200220
In base 11, what is 12 + -29484?
-29472
In base 5, what is -14 - -14402110?
14402041
In base 4, what is -120 + -13012?
-13132
In base 4, what is -100030 + 1013?
-33011
In base 11, what is -55 - -54835?
54790
In base 14, what is 5 + -85da9?
-85da4
In base 12, what is 3 + -43a4a?
-43a47
In base 4, what is 1000 + -13111?
-12111
In base 2, what is -10011001100011001 - 1100?
-10011001100100101
In base 13, what is 25 - -2973?
2998
In base 11, what is 1886 + -15?
1871
In base 14, what is -33 + 10506?
104b3
In base 14, what is 1 + 4897b?
4897c
In base 3, what is -12110012 - -10002?
-12100010
In base 12, what is 2 - b94b?
-b949
In base 13, what is -47a1b8 - -4?
-47a1b4
In base 12, what is -190b - 12?
-1921
In base 4, what is 100320 + -1100?
33220
In base 9, what is 8325 - 3?
8322
In base 16, what is -14 + -632c?
-6340
In base 16, what is 77f + -2d?
752
In base 16, what is 3bf1 + 3?
3bf4
In base 3, what is 2 + 210101221221?
210101222000
In base 15, what is -543 + -181?
-6c4
In base 16, what is -534 + 147?
-3ed
In base 16, what is 1 - 4fc?
-4fb
In base 11, what is -25a + 89?
-181
In base 2, what is -11101110010111100 - -1110?
-11101110010101110
In base 13, what is -6340 - -2?
-633b
In base 10, what is -5369 - 125?
-5494
In base 7, what is 205143244 - -5?
205143252
In base 2, what is 11 - -1010010100111100111?
1010010100111101010
In base 11, what is 1598 + 115?
1702
In base 8, what is 14 + 1233?
1247
In base 15, what is 10 + 395?
3a5
In base 9, what is 43 - 2078?
-2035
In base 16, what is -5 - -266d?
2668
In base 6, what is 31053 + -1?
31052
In base 15, what is -3 + -e981?
-e984
In base 14, what is -131721 + -5?
-131726
In base 10, what is -15220 + 135?
-15085
In base 10, what is -307 - -153?
-154
In base 12, what is 1321038 + 5?
1321041
In base 14, what is 16d6d3 + -1?
16d6d2
In base 2, what is 10 - -1101001010000100010?
1101001010000100100
In base 9, what is -34 - -1710?
1665
In base 6, what is -50 - -525?
435
In base 10, what is -7661 - -5?
-7656
In base 3, what is -10221010221202 + 11?
-10221010221121
In base 8, what is -4 + 14231?
14225
In base 14, what is -530 - -117?
-417
In base 5, what is -3 - -1001313123?
1001313120
In base 11, what is -74502 - -4?
-744a9
In base 12, what is -89 + 10a?
41
In base 9, what is -4 + -2531?
-2535
In base 6, what is -4 - -33311203?
33311155
In base 14, what is -296 - 1954?
-1c0a
In base 11, what is 99 + -58?
41
In base 14, what is -5 - -2ad?
2a8
In base 8, what is -40 + -446174?
-446234
In base 12, what is 5069 + -30?
5039
In base 16, what is 216 - -12?
228
In base 8, what is -266527 + 0?
-266527
In base 16, what is 28f + 5f?
2ee
In base 9, what is 18 - 4345?
-4326
In base 3, what is -102021002 + 1100?
-102012202
In base 8, what is 1063 + -200?
663
In base 14, what is -6 - 19d?
-1a5
In base 9, what is 0 + -148323?
-148323
In base 15, what is -75 + 1dc?
167
In base 14, what is -10d + 5b4a?
5a3b
In base 3, what is -102 - -2120211211?
2120211102
In base 7, what is -2 + 1231660?
1231655
In base 16, what is 124d + 3?
1250
In base 7, what is -2363 - -12?
-2351
In base 12, what is 1563 + 35?
1598
In base 2, what is 10 + 11101000100001001?
11101000100001011
In base 10, what is -112206 - 2?
-112208
In base 11, what is 6 - -385a?
3865
In base 14, what is 7 - cc95?
-cc8c
In base 5, what is -131 + 11344?
11213
In base 3, what is -11 - 202121011022?
-202121011110
In base 10, what is -417006 + 0?
-417006
In base 4, what is -12111031 - -121?
-12110310
In base 6, what is -1114 + 4544?
3430
In base 11, what is -37241 - 5?
-37246
In base 5, what is 14 + 32404?
32423
In base 5, what is 31 + -2244210?
-2244124
In base 12, what is a25b + -65?
a1b6
In base 8, what is -4423 + -12?
-4435
In base 2, what is -100111001010110 - 10?
-100111001011000
In base 6, what is -1154 - 23504?
-25102
In base 16, what is 1c + 1377?
1393
In base 9, what is 101680 - -3?
101683
In base 11, what is -147 - 1969?
-2005
In base 10, what is -42380 + 2?
-42378
In base 10, what is 9254 - 396?
8858
In base 2, what is 1001 + -1010111001100?
-1010111000011
In base 9, what is 11522 - -648?
12271
In base 14, what is -154 - -d0b?
b97
In base 9, what is -102 + -53?
-155
In base 6, what is -512 + -120300?
-121212
In base 7, what is 1134110 + 3?
1134113
In base 12, what is 11 - a41?
-a30
In base 2, what is -101 - -111100000100001?
111100000011100
In base 11, what is -849 + 37?
-812
In base 16, what is 94719 + -5?
94714
In base 11, what is 16399a + -1?
163999
In base 16, what is 20483 - c?
20477
In base 14, what is -15b - -73c?
5c1
In base 14, what is -3979 + -3?
-397c
In base 3, what is -121101011 + -10?
-121101021
In base 10, what is 785 - 2331?
-1546
In base 10, what is -2 + -22011?
-22013
In base 3, what is -22120 - -102112?
2222
In base 4, what is -200 + 1230?
1030
In base 14, what is -8758b + 3?
-87588
In base 4, what is 2112112 + -210?
2111302
In base 4, what is -10 - -20230032?
20230022
In base 10, what is -69 - -3023?
2954
In base 6, what is -1412012 + -2?
-1412014
In base 4, what is -221 - -1133001?
1132120
In base 12, what is -5 - -1a8b8b?
1a8b86
In base 16, what is -23388 + -c?
-23394
In base 11, what is 10 + -204063?
-204053
In base 14, what is d7 - a613?
-a51a
In base 7, what is 1413344 - 3?
1413341
In base 3, what is 110210 - 112?
110021
In base 14, what is 0 - bd9?
-bd9
In base 14, what is -6318c + 0?
-6318c
In base 15, what is 6b - -829?
895
In base 4, what is -3 + 10112?
10103
In base 8, what is 5 + 22002?
22007
In base 4, what is 11133 - -20?
11213
In base 3, what is -10 + -1201221201122?
-1201221201202
In base 12, what is -11 - 3100?
-3111
In base 13, what is -468 + 100?
-368
In base 10, what is 221453 + 1?
221454
In base 15, what is 34591e + -2?
34591c
In base 10, what is 35 - -895?
930
In base 11, what is -840a5 + 4?
-840a1
In base 2, what is 110110011001001 + 100?
110110011001101
In base 7, what is -214 - 365?
-612
In base 13, what is 1994 - -37?
19cb
In base 3, what is -20021101111 + -2?
-20021101120
In base 8, what is 135 + 4160?
4315
In base 7, what is 1616 + 1424?
3343
In base 11, what is -3123a + a?
-31230
In base 10, what is 0 + -169108?
-169108
In base 16, what is 19 - 1f9?
-1e0
In base 5, what is -23013 - -43?
-22420
In base 15, what is a9 - a3b